{"id":31,"date":"2021-01-16T14:18:04","date_gmt":"2021-01-16T14:18:04","guid":{"rendered":"https:\/\/unicascomotu.com\/?page_id=31"},"modified":"2021-02-11T19:29:19","modified_gmt":"2021-02-11T19:29:19","slug":"inicio","status":"publish","type":"page","link":"https:\/\/unicascomotu.com\/","title":{"rendered":"Inicio"},"content":{"rendered":"\t\t<div data-elementor-type=\"wp-page\" data-elementor-id=\"31\" class=\"elementor elementor-31\">\n\t\t\t\t\t\t<section class=\"elementor-section elementor-top-section elementor-element elementor-element-23a25a48 elementor-section-boxed elementor-section-height-default elementor-section-height-default\" data-id=\"23a25a48\" data-element_type=\"section\">\n\t\t\t\t\t\t<div class=\"elementor-container elementor-column-gap-default\">\n\t\t\t\t\t<div class=\"elementor-column elementor-col-100 elementor-top-column elementor-element elementor-element-711eb674\" data-id=\"711eb674\" data-element_type=\"column\">\n\t\t\t<div class=\"elementor-widget-wrap elementor-element-populated\">\n\t\t\t\t\t\t<div class=\"elementor-element elementor-element-5566daef elementor-widget elementor-widget-text-editor\" data-id=\"5566daef\" data-element_type=\"widget\" data-widget_type=\"text-editor.default\">\n\t\t\t\t<div class=\"elementor-widget-container\">\n\t\t\t\t\t\t\t\t\t\n<figure class=\"wp-block-embed is-type-video is-provider-youtube wp-block-embed-youtube wp-embed-aspect-16-9 wp-has-aspect-ratio\"><div class=\"wp-block-embed__wrapper\">\n<iframe title=\"Antonio de la Torre en \u00danicas como t\u00fa\" width=\"760\" height=\"428\" src=\"https:\/\/www.youtube.com\/embed\/0j_DSpuaywY?feature=oembed\" frameborder=\"0\" allow=\"accelerometer; autoplay; clipboard-write; encrypted-media; gyroscope; picture-in-picture\" allowfullscreen><\/iframe>\n<\/div><\/figure>\n\n\n\n<p class=\"has-text-align-center\"><em>\u00danicas como t\u00fa<\/em> es un contenido multiformato que combina un programa de radio y un programa de v\u00eddeo para internet y para televisi\u00f3n.<\/p>\n\n\n\n<p class=\"has-text-align-center\">A trav\u00e9s de entrevistas, tertulias, microespacios tem\u00e1ticos, personajes y m\u00fasica, queremos dar voz y visibilidad a la mujer (y hombres que suman), desde todos los \u00e1ngulos en los que aporta y significa; dar a conocer al gran p\u00fablico su enorme e importante papel, cada vez m\u00e1s fuerte, independiente y con mayor relevancia en nuestra sociedad: trabajando ya en un mundo nuevo\u2026<\/p>\n\n\n\n<figure class=\"wp-block-pullquote\"><blockquote><p><em>\u00abUn d\u00eda decid\u00ed dejar de creer en la suerte y empec\u00e9 a creer en m\u00ed\u00bb<\/em><\/p><\/blockquote><\/figure>\n\t\t\t\t\t\t\t\t<\/div>\n\t\t\t\t<\/div>\n\t\t\t\t\t<\/div>\n\t\t<\/div>\n\t\t\t\t\t<\/div>\n\t\t<\/section>\n\t\t\t\t<section class=\"elementor-section elementor-top-section elementor-element elementor-element-0bcd4fe elementor-section-boxed elementor-section-height-default elementor-section-height-default\" data-id=\"0bcd4fe\" data-element_type=\"section\">\n\t\t\t\t\t\t<div class=\"elementor-container elementor-column-gap-default\">\n\t\t\t\t\t<div class=\"elementor-column elementor-col-100 elementor-top-column elementor-element elementor-element-ba21f57\" data-id=\"ba21f57\" data-element_type=\"column\">\n\t\t\t<div class=\"elementor-widget-wrap elementor-element-populated\">\n\t\t\t\t\t\t<div class=\"elementor-element elementor-element-1ad6363 elementor-shape-circle e-grid-align-right elementor-grid-0 elementor-widget elementor-widget-social-icons\" data-id=\"1ad6363\" data-element_type=\"widget\" data-widget_type=\"social-icons.default\">\n\t\t\t\t<div class=\"elementor-widget-container\">\n\t\t\t\t\t\t\t<div class=\"elementor-social-icons-wrapper elementor-grid\" role=\"list\">\n\t\t\t\t\t\t\t<span class=\"elementor-grid-item\" role=\"listitem\">\n\t\t\t\t\t<a class=\"elementor-icon elementor-social-icon elementor-social-icon-instagram elementor-repeater-item-a3fa533\" href=\"https:\/\/www.instagram.com\/unicascomotu_elprograma\/\" target=\"_blank\">\n\t\t\t\t\t\t<span class=\"elementor-screen-only\">Instagram<\/span>\n\t\t\t\t\t\t<i aria-hidden=\"true\" class=\"fab fa-instagram\"><\/i>\t\t\t\t\t<\/a>\n\t\t\t\t<\/span>\n\t\t\t\t\t\t\t<span class=\"elementor-grid-item\" role=\"listitem\">\n\t\t\t\t\t<a class=\"elementor-icon elementor-social-icon elementor-social-icon-youtube elementor-repeater-item-bfdbd1c\" href=\"https:\/\/www.youtube.com\/channel\/UCyZEJpQ4nEc2mmvM6g6M9Jg\" target=\"_blank\">\n\t\t\t\t\t\t<span class=\"elementor-screen-only\">Youtube<\/span>\n\t\t\t\t\t\t<i aria-hidden=\"true\" class=\"fab fa-youtube\"><\/i>\t\t\t\t\t<\/a>\n\t\t\t\t<\/span>\n\t\t\t\t\t\t\t<span class=\"elementor-grid-item\" role=\"listitem\">\n\t\t\t\t\t<a class=\"elementor-icon elementor-social-icon elementor-social-icon-flickr elementor-repeater-item-45b854d\" href=\"https:\/\/www.flickr.com\/photos\/191672976@N02\/\" target=\"_blank\">\n\t\t\t\t\t\t<span class=\"elementor-screen-only\">Flickr<\/span>\n\t\t\t\t\t\t<i aria-hidden=\"true\" class=\"fab fa-flickr\"><\/i>\t\t\t\t\t<\/a>\n\t\t\t\t<\/span>\n\t\t\t\t\t<\/div>\n\t\t\t\t\t\t<\/div>\n\t\t\t\t<\/div>\n\t\t\t\t\t<\/div>\n\t\t<\/div>\n\t\t\t\t\t<\/div>\n\t\t<\/section>\n\t\t\t\t<\/div>\n\t\t","protected":false},"excerpt":{"rendered":"<p>\u00danicas como t\u00fa es un contenido multiformato que combina un programa de radio y un programa de v\u00eddeo para internet y para televisi\u00f3n. A trav\u00e9s de entrevistas, tertulias, microespacios tem\u00e1ticos, personajes y m\u00fasica, queremos dar&hellip; <a href=\"https:\/\/unicascomotu.com\/\">More<\/a><\/p>\n","protected":false},"author":2,"featured_media":0,"parent":0,"menu_order":0,"comment_status":"closed","ping_status":"closed","template":"","meta":{"footnotes":""},"class_list":["post-31","page","type-page","status-publish","hentry"],"_links":{"self":[{"href":"https:\/\/unicascomotu.com\/index.php\/wp-json\/wp\/v2\/pages\/31","targetHints":{"allow":["GET"]}}],"collection":[{"href":"https:\/\/unicascomotu.com\/index.php\/wp-json\/wp\/v2\/pages"}],"about":[{"href":"https:\/\/unicascomotu.com\/index.php\/wp-json\/wp\/v2\/types\/page"}],"author":[{"embeddable":true,"href":"https:\/\/unicascomotu.com\/index.php\/wp-json\/wp\/v2\/users\/2"}],"replies":[{"embeddable":true,"href":"https:\/\/unicascomotu.com\/index.php\/wp-json\/wp\/v2\/comments?post=31"}],"version-history":[{"count":10,"href":"https:\/\/unicascomotu.com\/index.php\/wp-json\/wp\/v2\/pages\/31\/revisions"}],"predecessor-version":[{"id":177,"href":"https:\/\/unicascomotu.com\/index.php\/wp-json\/wp\/v2\/pages\/31\/revisions\/177"}],"wp:attachment":[{"href":"https:\/\/unicascomotu.com\/index.php\/wp-json\/wp\/v2\/media?parent=31"}],"curies":[{"name":"wp","href":"https:\/\/api.w.org\/{rel}","templated":true}]}}